 Suppose 6*d + 3 = o + g*d, -5*o + 54 = 3*d. What is the greatest common divisor of o and 81?
9
Let l(z) = -273*z - 8. Let y be l(1). Let v = -273 - y. Suppose 4*m + d = 115, -d = 4*d - 15. Calculate the greatest common divisor of v and m.
4
Let f be -54*(15/(-9) + (-5 - -10) - 4). What is the highest common divisor of f and 840?
12
Suppose 7*a - 368 = 5*a - 4*g, -4*a + 4*g = -796. Suppose 3*p - 3 = -x + a, 3*x - 573 = -3*p. What is the highest common factor of x and 4?
4
Suppose 5*v + 3969 = 9*v - 5*n, -3*v = -12*n - 2919. What is the greatest common divisor of 121 and v?
11
Let m(h) = h**3 + h**2 - 6*h + 54. Let r be m(0). What is the greatest common factor of 1314 and r?
18
Let z = -271 + 2936. What is the greatest common factor of z and 820?
205
Suppose -90 + 10 = -8*v. Suppose -2*n + 41 = v*y - 9*y, y - n = 44. Calculate the greatest common divisor of 473 and y.
43
Let u = -33 + 46. Let n(l) = 5 - 13 + u - 6*l. Let w be n(-1). What is the greatest common divisor of 11 and w?
11
Let x = -181 - -320. Suppose -11*m + 257 + x = 0. Calculate the highest common factor of 4 and m.
4
Let i = 511282 + -511272. Let d = 25 - 17. Calculate the greatest common divisor of d and i.
2
Suppose 0 = f - 4*c - 11, f + 5*c - 44 = -3*f. Let b(k) = 56*k**2 + 2*k - 8 + 12 - 3. Let q be b(-1). Calculate the greatest common factor of f and q.
11
Let x(v) = 12*v**2 + 11*v + 39. Let o be x(-3). What is the greatest common factor of 8322 and o?
114
Let t be (6 - (-45)/(-5))/(45/30) - -9612. Calculate the highest common factor of 248 and t.
62
Let b be (-1)/(-9) - 3/(81/(-32991)). Suppose 3*y + 358 - b = 0. What is the greatest common factor of 108 and y?
36
Suppose -5*c = -25, -324 = -4*t - c + 845. Suppose 5*m - 3*b = t, -5*m - b + 169 = -2*m. What is the highest common factor of 399 and m?
57
Suppose -1282*o + 1284*o - 6 = 0. Suppose 1014 = o*p + 10*p. Calculate the highest common factor of p and 494.
26
Let y(t) = 152*t - 626. Let x be y(9). What is the highest common divisor of 434 and x?
14
Suppose 3*y = 3*g + 255, -10*g + 11*g = -y + 73. Calculate the highest common factor of y and 6241.
79
Suppose u - 2*h = 0, 0*u + 8 = 3*u - 2*h. Suppose 3*n = -u + 10, 5*s - 112 = 4*n. Suppose 35*y + 59 - 887 = 12*y. What is the highest common factor of y and s?
12
Suppose 26*r = b + 29*r - 34, -102 = -3*b - 3*r. What is the greatest common divisor of b and 595?
17
Let r be (37 + 0)/(-31 - -32). Suppose -3*z + 5*f = -r, -2*z - 29*f + 27*f = -14. What is the highest common divisor of 93 and z?
3
Suppose 107 = h - 44. Let i be -1 - -2 - -1*h. Let z be 1/2*38/7*(16 - 45/5). What is the greatest common divisor of i and z?
19
Suppose 3*q + 4*k - 1171 = 0, 14*q = 18*q + 2*k - 1548. What is the greatest common factor of 2387 and q?
77
Suppose -2*i = -15 - 27. Let z = 33 - i. Let c be (18/7)/((-288)/(-17472)). What is the greatest common factor of z and c?
12
Let z(s) = 4*s + 26. Let a be z(-6). Let b be (a/8)/(18/(-192))*-9. Suppose -4*i + 528 = b. What is the highest common factor of i and 14?
14
Let w be 1 + 0 + (-300)/(-4). Let d be ((-10)/72*-18 - 6)*8/(-7). What is the greatest common factor of w and d?
4
Let w be (26 + 1281/(-42))*(-42)/1. What is the greatest common factor of 189 and w?
189
Let h be 1294 + (12/(-16))/(15/(-80)). Suppose -a - 4*x = -631, -3*a + h = x - 551. What is the greatest common factor of a and 15?
15
Suppose 0 = 10*f - 32*f + 5214. Let o be (6/10)/(f/(-60) + 4). Let m(b) = b - 2. Let k be m(5). What is the highest common divisor of k and o?
3
Let y(d) = -2*d - 2. Let a be y(-18). Suppose 14 = 4*f - a. What is the highest common divisor of 48 and f?
12
Let g be 5 + (-335)/65 + 3/(117/2580). What is the greatest common factor of g and 2145?
33
Suppose -4*a + 800*b + 4229 = 811*b, 5*b = -4*a + 4259. Calculate the highest common divisor of a and 2737.
119
Let p be 10 + -6 + 6*(-6 + 511/14). Calculate the highest common factor of 9163 and p.
187
Let z(y) = -y**2 + 8*y + 17. Let o(k) = 2*k**3 + 21*k**2 + 25*k - 9. Let m be o(-9). Let s be z(m). What is the highest common divisor of s and 40?
8
Let s(b) = b**2 + 3*b - 2. Let p be s(6). Suppose -3*z + 2530 = -4*i - z, z + 3159 = -5*i. Let r = -619 - i. Calculate the highest common factor of p and r.
13
Let w = 179 - 100. Let l = w + -72. Suppose 0 = -l*o + 458 + 886. Calculate the greatest common divisor of 48 and o.
48
Suppose -3*j - 1214 = -4*s, 0 = -118*s + 116*s + 4*j + 592. Calculate the greatest common factor of s and 1316.
28
Let j = 572 - 563. Let w be ((-156)/(-18) - j)/(1/(-6)). Calculate the greatest common divisor of 180 and w.
2
Let b(s) = s**2 - s - 33. Let z be b(7). Suppose -3*y = -2*w + 53, -161 = -4*w - z*y + 4*y. What is the greatest common factor of w and 51?
17
Suppose 4*m = r - 48, -265*r - 3*m - 54 = -268*r. Let y(l) = 12*l**2 - l + 4. Let f be y(-4). What is the highest common factor of f and r?
8
Suppose 0*t + 8*t - 80 = 0. Let d be (-2)/(-8) - t/8 - -92. Suppose -7 = -3*z + 32. Calculate the highest common divisor of z and d.
13
Let m(u) = -188*u - 1. Let h be m(-1). Let j be (-6)/8 - ((24206/104)/(-49) + -7). Calculate the highest common divisor of j and h.
11
Let y = -5986 - -6553. Calculate the greatest common factor of y and 3591.
189
Suppose 3*i = -34*i + 740. Let z = 15 - -165. Calculate the highest common factor of z and i.
20
Let v be (-459)/102 - 3591/(-14). What is the highest common divisor of 432 and v?
36
Suppose 11*j - 10*j + 5*d = 29, 0 = j + 3*d - 19. What is the greatest common factor of j and 2316?
4
Let x(t) = 195*t**3 - 16*t**2 - 7*t + 5. Let b be x(1). What is the highest common factor of 34161 and b?
177
Suppose c - p - 3562 = 0, -2*p + 12600 = 5*c - 5224. Let g be (c/(-154))/((-1)/14). What is the greatest common divisor of 72 and g?
36
Let l be 5/(-10)*2 + 15. What is the greatest common factor of l and 1442?
14
Let p = 35397 - 29792. Calculate the greatest common divisor of 665 and p.
95
Suppose -185*w + 188*w = 3*l - 20970, -3*w = -12. Calculate the highest common factor of 26 and l.
26
Suppose 20*a = 2322 - 2042. What is the greatest common divisor of a and 203?
7
Let g(q) be the third derivative of 29*q**5/60 - 16*q**2. Let x be g(-1). Suppose 55 + x = 7*m. Calculate the highest common divisor of 36 and m.
12
Let g be ((-4452)/530)/(6/(-20)). Let s(i) = -40*i - 4. Suppose -3*m - 8 = 7. Let c be s(m). Calculate the greatest common divisor of g and c.
28
Let u(t) = t**3 - 29*t**2 - 243*t + 60. Let j be u(36). Let l be -36*(1 - 10/6). What is the highest common divisor of l and j?
24
Let d = -6737 - -9993. Calculate the greatest common divisor of d and 44.
44
Let j(v) = -26*v + 4. Suppose 13*p = -6*p - 114. Let l be j(p). Calculate the greatest common factor of l and 64.
32
Let g be 2/6 - (-228942)/621. What is the highest common divisor of g and 2911?
41
Let q be (-15 - -16)*(93 + 2). Let d be ((-312)/(-76) - 4) + 1225/q. What is the greatest common divisor of 169 and d?
13
Suppose -12*z + 1155 = -8*z + f, 2*z + 4*f - 588 = 0. Calculate the greatest common factor of 256 and z.
32
Suppose -4*q - 3*w = -5085, 0 = -2*q - 36*w + 34*w + 2544. What is the greatest common divisor of 108 and q?
27
Let q = 11533 - 11268. What is the highest common factor of q and 689?
53
Suppose 0 = 2*j + 9 - 1, -4*j - 456 = -2*n. Suppose -221*r + n*r + 2 = 0. Let k = 1 - -3. What is the greatest common factor of r and k?
2
Let r be (8/12)/(((-4)/(-45))/2). Suppose 17*t = r*t + 8. Let m(o) = -o + 3. Let j be m(-1). Calculate the greatest common factor of j and t.
4
Suppose -1726 = -17*i - 1692. Suppose 0 = 2*z - 2*q - 24, 4*z + q = -q + 24. What is the highest common divisor of z and i?
2
Suppose 161*b + 161*b - 314*b - 17160 = 0. What is the greatest common factor of 1155 and b?
165
Suppose -11*m = -9*m - 5*x - 818, -4*m + 1660 = 2*x. What is the highest common factor of 2622 and m?
138
Let j(w) = 147*w - 1540. Let i be j(11). Calculate the greatest common divisor of 434 and i.
7
Let m(n) = 8*n - 2. Let i = 29 - 19. Let d be m(i). Let c = d + -55. What is the highest common factor of 23 and c?
23
Let z = -4527 - -4919. What is the highest common factor of z and 1192?
8
Let y = -12594 + 12642. Calculate the highest common factor of y and 2892.
12
Let g be (-3)/(15/10) - -11. Let q